be ((-4)/(4/(-1543)))/1. Suppose s - 6533 = -2*b. Is b a composite number?
True
Let m be 1/(-3) + 1 + 200/15. Let d be 0 + -2 - (-56)/m. Suppose -2*h + 4*p = 8*p - 5878, -d*h = 2*p - 5874. Is h prime?
False
Is 191230/140*7 - (-7)/2 a composite number?
True
Let i be ((-5)/3)/(10/(-72330)). Suppose -3980 = -15*r + i. Is r composite?
False
Let m(x) = -x**3 + 7*x**2 + 9*x - 35. Let l be m(7). Suppose 34*v = l*v + 22278. Is v prime?
False
Let d(f) = -6*f**3 + f**2 + f - 1. Let p be (-4 - (4 - 4)) + 3. Let v be d(p). Suppose i + v*a - 104 = 0, 5*a + 74 + 0 = i. Is i composite?
False
Suppose -m = -3*m - 6. Is (-5 - 2633)/(2 - m)*-5 prime?
False
Let i(m) = 5485*m**3 + 59*m**2 + 13*m - 2. Is i(3) prime?
True
Is (-1)/2*(221164/(-5))/((-480)/(-1200)) composite?
False
Let q(m) = m**3 + 10*m**2 + m + 10. Let a be q(-10). Let o be -1*(12/(-3) - a). Suppose 0 = -2*u - 5*j + 185, -299 = -o*u - 4*j + 53. Is u prime?
False
Suppose -6*l + 8040 + 132834 = 0. Is l a prime number?
False
Suppose 5*l - 15 = 0, 15 = -3*f + 6*l - 5*l. Let n(o) = -111*o**3 - 2*o**2 + 9*o - 3. Is n(f) a prime number?
False
Let k = 250510 + -76863. Is k composite?
False
Let d be (-1 - 24/(-9))/(3/9). Let w be ((-16)/d)/((-4)/1990). Suppose 2*t - 2*l - w = -l, 2*t - 1588 = 3*l. Is t a composite number?
False
Is (-24 + 25)/(5/2419215*3) a composite number?
False
Suppose 480*j = 462*j + 645966. Is j composite?
True
Let x(m) = -26 + 63*m + 17 - 54 + 37*m. Is x(17) composite?
False
Let x(z) = z**3 - 5*z**2 + z + 11126. Let d be x(0). Suppose -84*t + d = -82*t. Is t a composite number?
False
Let u(y) = 41*y**2 + 120*y + 23. Is u(-20) composite?
True
Suppose -13*g + 8*g - 8980 = 3*y, 20 = 4*y. Let h = 4758 - g. Is h a composite number?
True
Let d = 34764 + -24604. Let y = d + -2309. Is y composite?
True
Let g(b) = 2498*b + 12. Let v be g(2). Suppose -6*i = -v + 154. Is i a prime number?
True
Suppose -1668*r + 22499 = -1667*r. Is r prime?
False
Let c be (-5)/(45/42)*(-405)/(-18). Is 2 + (-55295)/(-7) + 30/c composite?
False
Let y(r) = r**3 + r - 1. Let s(o) = -2*o**3 + o**2 + 5. Let j(q) = -s(q) - 3*y(q). Let k be j(-2). Suppose 3*v + k = 65. Is v a composite number?
False
Let c be 26/(-143) - (-4360)/22. Let v = c + -56. Suppose 4*b + v - 1818 = 0. Is b prime?
True
Let h(z) be the first derivative of 2530*z**3/3 - 11*z**2/2 - 10*z + 81. Is h(-1) a prime number?
True
Let r = -7018 + 57429. Is r prime?
True
Let k(s) be the third derivative of 79/20*s**5 - 2*s**2 + 0 + 1/6*s**4 + 1/2*s**3 + s. Is k(-2) prime?
False
Suppose -2*w = 6*m - 181282, -154*w + m - 271859 = -157*w. Is w composite?
False
Let q = 533611 + -364212. Is q composite?
False
Let x = -68 + 71. Suppose 347 = -4*k + x. Let c = k - -289. Is c composite?
True
Let z(f) = -f**2 - 4*f + 10. Let a be z(-5). Let r be (-9 - -1894) + a/(-1). Suppose 7*y + y = r. Is y composite?
True
Let c be -1 + 3 - ((2 - -14) + -1). Let t be c/5 - 20/50. Is 1065/1 - (t - 0) - 1 composite?
True
Is (-108)/108*(-1)/(1/33298) composite?
True
Is 9 + ((-1578731)/(-10) - 21/210) prime?
False
Suppose -39 = 24*n - 27*n. Suppose 8 = b - n. Suppose 2*z = -b + 87. Is z prime?
False
Let k(x) = 13*x**2 + 33*x - 38. Suppose 124 = -8*y - 4. Is k(y) prime?
False
Suppose -4*a = 3*u - 8589, -u + a + 3935 - 1072 = 0. Is u prime?
False
Suppose -3 = v + 4*k + 2, -5*v = -3*k - 21. Suppose -321 = 4*g + 3*u + 77, -5*g - v*u = 496. Let p = 1145 + g. Is p prime?
False
Let p(j) = -2512*j**3 - 10*j**2 - 24*j - 17. Is p(-2) prime?
False
Suppose t - 5*m - 21 = 0, 5 = -3*m - 4. Suppose -4*w - 2*k = -12372, 0 = t*w - w - 4*k - 15465. Is w composite?
True
Let w = 32783 + -18882. Is w a prime number?
True
Suppose 32 - 14 = -2*k. Let a(c) = c**3 + 8*c**2 - 10*c + 1. Let m be a(k). Suppose u - 169 = -m. Is u a composite number?
True
Suppose -128 = -3*v + 262. Let m = -105 + v. Suppose m*r - 28*r + 5277 = 0. Is r a prime number?
True
Let i(a) = 7*a - 26. Let z be (-1)/(-2) + (-7)/(-2). Let c be i(z). Suppose 3*f - 10759 = -c*p - 3*p, f - 2151 = -p. Is p prime?
True
Let b be (-1533*3/(-15))/((-3)/15). Let d = b - -2164. Is d prime?
True
Let g = 63873 - 27250. Is g a prime number?
False
Suppose -12 = -t - 3*t. Let u be (-40)/35*(-5)/(110/24101). Suppose t*j - 257 = u. Is j composite?
False
Suppose -66*v = 581 - 2957. Let h(t) = 118*t + 69. Is h(v) composite?
True
Is (-1)/(((-600)/16542925)/24) composite?
True
Let a(l) = 14*l + 18. Let o be a(13). Suppose -o = 7*r - 11*r. Let z = r + -46. Is z a prime number?
False
Let u = 22 - 0. Let p = 1654 - 1659. Is ((p/(-2))/5 - -2)*u prime?
False
Suppose -9*j = -76846 - 63059. Suppose g - 52745 + j = -5*z, 2*g - 10 = 0. Is z a prime number?
False
Let p = 74935 - 18528. Is p a composite number?
True
Is ((-123653865)/(-920))/((-1)/(-8)) a prime number?
False
Suppose -10*d = -8*d - 6. Suppose 0 = -5*m + 7*m - 878. Suppose d*h = 4*s + m, 4*h + 2*s = -h + 697. Is h prime?
False
Let c(n) = 23*n**2 - n - 17. Let o(z) = z**3 - 12*z**2 + 7. Let f be o(12). Suppose -23 = 6*t + f. Is c(t) a prime number?
True
Let o(g) = 31*g**2 + 272*g + 1618. Is o(-149) prime?
True
Suppose -41*f + 20417 + 29347 = -7513. Is f composite?
True
Let p = 59168 + -30819. Is p a composite number?
False
Let r(w) = 317*w**2 - 4*w - 2. Let i(z) = 318*z**2 - 5*z - 2. Let k(d) = 4*i(d) - 3*r(d). Is k(3) prime?
False
Let i(k) = 5*k + 2. Let z be i(-2). Let n(b) = -2*b**3 - 6*b**2 - 12*b - 16. Let c be n(z). Is 1*-2*(-3)/(-6) + c a prime number?
True
Suppose 3*i = -4*l - 1, -2*i = -8*l + 4*l - 6. Let t be 69/12 - 21/28. Suppose -i - 11 = 4*c, -t*p + 4*c + 1667 = 0. Is p composite?
False
Let k(a) = -a**2 + 3. Let b be k(2). Let v be b/(6356/(-2118) + (-27)/(-9)). Is v + 0 + (3 - 1) composite?
False
Let v = 111 - 108. Suppose -3228 - 2193 = -v*u. Is u prime?
False
Let o(w) = 5*w**2 + 15*w - 13*w**2 + 16*w**3 + w + 6 - 25. Is o(7) composite?
False
Suppose 63*c - 60*c = 496815. Suppose -39*s + 11728 + c = 0. Is s a prime number?
True
Let z = 58572 - 29071. Is z prime?
True
Suppose 0 = 4*l - 4*y - 264795 - 235841, 0 = 5*l - y - 625787. Is l composite?
True
Suppose 10*l + 13490 = -9*l. Let b = 2697 + l. Is b a composite number?
False
Suppose 2*x = h + 3711, -2*x - 18684 + 105 = 5*h. Let w = h - -5354. Is w a composite number?
True
Is 10/(-30)*(-9111)/(-6)*-6 prime?
True
Suppose 480 = 3*d + 7*d. Suppose -d = -4*m + f, 2*f + 5 = -3. Is 8/(-44) - (-8197)/m composite?
True
Let z be 1 - 0 - (-1017 - 2). Suppose -678 - z = -3*d. Let r = 895 - d. Is r a prime number?
False
Suppose 6*b + 6 = 9*b. Let g(n) = 72*n**3 + 146*n**3 - 5 - 2*n**2 + 2*n + 3*n - 72*n**3. Is g(b) a composite number?
True
Suppose -5*h = 5*l - 1359775, -4*h - 370416 = -2*l + 173530. Is l prime?
False
Let n = 36 + -49. Let q = n - -15. Suppose 0 = -q*j + 1133 + 41. Is j prime?
True
Is (-9)/1 + 122 + 42616 a composite number?
True
Suppose -n + 5*v + 84 = 0, 9*n - 4*v = 7*n + 156. Is n/(-111) + 11009/3 prime?
False
Let d(s) = -2*s**2 + 2*s + 1. Let r be d(0). Is r + (-15)/35 + 92322/14 a prime number?
False
Suppose 133*c = 116*c + 2166701. Is c composite?
False
Suppose 3*v + 2*r = -0*r + 1, 2*v + 3*r + 1 = 0. Suppose -f + v = 71. Let l = f + 93. Is l composite?
False
Suppose -27714205 = -58*z + 30*z - 10355633. Is z composite?
True
Let s = 40 - 54. Let x be (-6)/42 + 250/s. Let a(u) = -15*u + 35. Is a(x) composite?
True
Let g(q) = -121*q**2 - 5*q - 3. Let s be g(4). Suppose 19*f = 69803 - 16071. Let x = s + f. Is x composite?
True
Let g(f) = -1163*f**3 + 2*f**2 + 2*f + 2. Let c be g(-1). Let t = -686 + c. Is t composite?
False
Let k = 899 - 1482. Let b = 1944 + k. Is b a composite number?
False
Let a = 49666 - 24045. Is a prime?
True
Let a(y) = -y**3 + 3*y**2 + 4*y. Let c be a(4). Suppose c = 2*x - 0*x - 1608. Let m = x + -485. Is m composite?
True
Let j = -17618 - -26726. Let p = j + -1670. Is p prime?
False
Let s be 1/2 + 154/28. Suppose 5*f = -4*x + s, 2*f + 3*f + 5*x - 5 = 0. Is (f/3)/(2 - 3904/1956) a prime number?
True
Suppose 4*y + 2867320 = 4*c, -5*y + 3584190 = -477*c + 482*c. Is c a prime number?
False
Let i be -3 + (-9)/(-3) + 0/(-2). Let m be 3/(12/16 + 0) + i. Suppose -m*b + 3466 = -1674. Is b a composite number?
True
Let f(l) = -235*l**2 + l + 10. Let y be f(4). Let w = -976 - y. Suppose -4*d + w = -3*a, -2*d - 5*a = -2*a - 13